{"id":41,"date":"2018-04-16T21:18:59","date_gmt":"2018-04-16T19:18:59","guid":{"rendered":"https:\/\/www.osezlessentiel.org\/?page_id=41"},"modified":"2026-01-02T19:00:33","modified_gmt":"2026-01-02T18:00:33","slug":"formation-reiki-et-soins-energetiques","status":"publish","type":"page","link":"https:\/\/www.osezlessentiel.org\/index.php\/formation-reiki-et-soins-energetiques\/","title":{"rendered":"FORMATION REIKI"},"content":{"rendered":"\n<p>Toute personne qui le souhaite peut se former au Reiki.<\/p>\n\n\n\n<p>C&rsquo;est une d\u00e9marche personnelle qui peut s&rsquo;effectuer en formation individuelle ou collective. <\/p>\n\n\n\n<p class=\"has-vivid-purple-color has-text-color has-background\" style=\"background-color:#eaf2f1;font-size:32px\"><span style=\"color: #ff00ff;\"><span style=\"color:#149465\" class=\"has-inline-color\">Stage REIKI <\/span><\/span><span style=\"color: #ff00ff;\"><span style=\"color:#149465\" class=\"has-inline-color\">niveau 1<\/span><\/span>   <\/p>\n\n\n\n<h4 class=\"wp-block-heading has-black-color has-text-color\"><strong>Prochaine session <\/strong><mark style=\"background-color:rgba(0, 0, 0, 0)\" class=\"has-inline-color has-vivid-green-cyan-color\">2026 \u00e0 Saint-\u00c9tienne<\/mark> :  <mark style=\"background-color:rgba(0, 0, 0, 0)\" class=\"has-inline-color has-vivid-green-cyan-color\">le vendredi 16 janvier en fin d&rsquo;apr\u00e8s-midi et soir\u00e9e et samedi 17 janvier journ\u00e9e .<\/mark><\/h4>\n\n\n\n<p><strong>Une seconde session se d\u00e9roulera \u00e0 l&rsquo;automne \u00e0 Saint-\u00c9tienne ou \u00e0 Roanne<\/strong>.<\/p>\n\n\n\n<p>Inscription au 06 77 74 74 62, groupe de 3 \u00e0 6 personnes maxi par session. <\/p>\n\n\n\n<p>Je rencontre toutes les personnes qui souhaitent s&rsquo;inscrire pour faire connaissance  et expliquer la d\u00e9marche et le contenu du stage.<\/p>\n\n\n\n<p>Le premier degr\u00e9 est ouvert \u00e0 tous. Il consiste \u00e0 d\u00e9couvrir l&rsquo;\u00e9nergie du Reiki, \u00e0 apprendre \u00e0 la canaliser pour soi-m\u00eame dans un premier temps. Ce premier stage permet de pratiquer des auto soins. Il permet d&rsquo;int\u00e9grer des \u00e9l\u00e9ments de m\u00e9thodes pour pratiquer dans les meilleurs conditions et en respectant une approche \u00e9thique des soins \u00e9nerg\u00e9tiques.<\/p>\n\n\n\n<p>Prix du stage 150\u20ac<\/p>\n\n\n\n<p><\/p>\n\n\n\n<figure class=\"wp-block-image size-large\"><img loading=\"lazy\" decoding=\"async\" width=\"1024\" height=\"768\" src=\"https:\/\/www.osezlessentiel.org\/wp-content\/uploads\/2020\/12\/IMG_7562-1024x768.jpg\" alt=\"\" class=\"wp-image-395\" srcset=\"https:\/\/www.osezlessentiel.org\/wp-content\/uploads\/2020\/12\/IMG_7562-1024x768.jpg 1024w, https:\/\/www.osezlessentiel.org\/wp-content\/uploads\/2020\/12\/IMG_7562-300x225.jpg 300w, https:\/\/www.osezlessentiel.org\/wp-content\/uploads\/2020\/12\/IMG_7562-768x576.jpg 768w, https:\/\/www.osezlessentiel.org\/wp-content\/uploads\/2020\/12\/IMG_7562-1536x1152.jpg 1536w, https:\/\/www.osezlessentiel.org\/wp-content\/uploads\/2020\/12\/IMG_7562-2048x1536.jpg 2048w\" sizes=\"auto, (max-width: 767px) 89vw, (max-width: 1000px) 54vw, (max-width: 1071px) 543px, 580px\" \/><figcaption class=\"wp-element-caption\"><br><br><\/figcaption><\/figure>\n\n\n\n<p><\/p>\n\n\n\n<p class=\"has-luminous-vivid-orange-color has-text-color has-background\" style=\"background-color:#faede8;font-size:32px\">Stage REIKI niveau 2<\/p>\n\n\n\n<h4 class=\"wp-block-heading\">Prochaine session <mark style=\"background-color:rgba(0, 0, 0, 0)\" class=\"has-inline-color has-luminous-vivid-orange-color\">2026 \u00e0 Saint-Etienne : le vendredi 18 et samedi 19 septembre <\/mark> <\/h4>\n\n\n\n<p>3 \u00e0 6 places par sessions. Tarif 180\u20ac + 30\u20ac kit de pierres de soin<\/p>\n\n\n\n<p>Me contacter si vous \u00eates int\u00e9ress\u00e9s.<\/p>\n\n\n\n<p>Il est possible de faire le second degr\u00e9 si vous avez valid\u00e9 votre niveau 1 avec un autre ma\u00eetre enseignant Reiki. Dans ce cas je vous proposerai une rencontre pr\u00e9alable.<\/p>\n\n\n\n<figure class=\"wp-block-image size-large\"><img loading=\"lazy\" decoding=\"async\" width=\"1024\" height=\"768\" src=\"https:\/\/www.osezlessentiel.org\/wp-content\/uploads\/2020\/12\/IMG_7287-1024x768.jpg\" alt=\"\" class=\"wp-image-393\" srcset=\"https:\/\/www.osezlessentiel.org\/wp-content\/uploads\/2020\/12\/IMG_7287-1024x768.jpg 1024w, https:\/\/www.osezlessentiel.org\/wp-content\/uploads\/2020\/12\/IMG_7287-300x225.jpg 300w, https:\/\/www.osezlessentiel.org\/wp-content\/uploads\/2020\/12\/IMG_7287-768x576.jpg 768w, https:\/\/www.osezlessentiel.org\/wp-content\/uploads\/2020\/12\/IMG_7287-1536x1152.jpg 1536w, https:\/\/www.osezlessentiel.org\/wp-content\/uploads\/2020\/12\/IMG_7287-2048x1536.jpg 2048w\" sizes=\"auto, (max-width: 767px) 89vw, (max-width: 1000px) 54vw, (max-width: 1071px) 543px, 580px\" \/><\/figure>\n\n\n\n<p><\/p>\n\n\n\n<p><\/p>\n\n\n\n<p class=\"has-vivid-purple-color has-text-color has-background\" style=\"background-color:#e4dcee;font-size:32px\">Stage REIKI niveau 3 <\/p>\n\n\n\n<h4 class=\"wp-block-heading\">Prochaine session <mark style=\"background-color:rgba(0, 0, 0, 0)\" class=\"has-inline-color has-vivid-purple-color\">en Avril 2026 \u00e0 Saint-Etienne ou Yssingeaux<\/mark>.<\/h4>\n\n\n\n<p>Tarif : 250 \u20ac<\/p>\n\n\n\n<p>4 places par sessions. <\/p>\n\n\n\n<figure class=\"wp-block-image size-large\"><img loading=\"lazy\" decoding=\"async\" width=\"1024\" height=\"768\" src=\"https:\/\/www.osezlessentiel.org\/wp-content\/uploads\/2018\/09\/Image-1024x768.jpeg\" alt=\"\" class=\"wp-image-82\" srcset=\"https:\/\/www.osezlessentiel.org\/wp-content\/uploads\/2018\/09\/Image-1024x768.jpeg 1024w, https:\/\/www.osezlessentiel.org\/wp-content\/uploads\/2018\/09\/Image-300x225.jpeg 300w, https:\/\/www.osezlessentiel.org\/wp-content\/uploads\/2018\/09\/Image-768x576.jpeg 768w, https:\/\/www.osezlessentiel.org\/wp-content\/uploads\/2018\/09\/Image.jpeg 2016w\" sizes=\"auto, (max-width: 767px) 89vw, (max-width: 1000px) 54vw, (max-width: 1071px) 543px, 580px\" \/><\/figure>\n\n\n\n<p><\/p>\n\n\n\n<p><strong>Se faire initier au Reiki, c&rsquo;est accepter de se transformer, de devenir plus responsable, d\u2019\u00e9veiller sa spiritualit\u00e9, de changer son regard sur le monde.<\/strong><\/p>\n\n\n\n<p><\/p>\n\n\n\n<p><\/p>\n","protected":false},"excerpt":{"rendered":"<p>Toute personne qui le souhaite peut se former au Reiki. C&rsquo;est une d\u00e9marche personnelle qui peut s&rsquo;effectuer en formation individuelle ou collective. Stage REIKI niveau 1 Prochaine session 2026 \u00e0 Saint-\u00c9tienne : le vendredi 16 janvier en fin d&rsquo;apr\u00e8s-midi et soir\u00e9e et samedi 17 janvier journ\u00e9e . Une seconde session se d\u00e9roulera \u00e0 l&rsquo;automne \u00e0 &hellip; <\/p>\n<p class=\"link-more\"><a href=\"https:\/\/www.osezlessentiel.org\/index.php\/formation-reiki-et-soins-energetiques\/\" class=\"more-link\">Continuer la lecture<span class=\"screen-reader-text\"> de &laquo;&nbsp;FORMATION REIKI&nbsp;&raquo;<\/span><\/a><\/p>\n","protected":false},"author":1,"featured_media":0,"parent":0,"menu_order":3,"comment_status":"closed","ping_status":"closed","template":"","meta":{"footnotes":""},"class_list":["post-41","page","type-page","status-publish","hentry"],"_links":{"self":[{"href":"https:\/\/www.osezlessentiel.org\/index.php\/wp-json\/wp\/v2\/pages\/41","targetHints":{"allow":["GET"]}}],"collection":[{"href":"https:\/\/www.osezlessentiel.org\/index.php\/wp-json\/wp\/v2\/pages"}],"about":[{"href":"https:\/\/www.osezlessentiel.org\/index.php\/wp-json\/wp\/v2\/types\/page"}],"author":[{"embeddable":true,"href":"https:\/\/www.osezlessentiel.org\/index.php\/wp-json\/wp\/v2\/users\/1"}],"replies":[{"embeddable":true,"href":"https:\/\/www.osezlessentiel.org\/index.php\/wp-json\/wp\/v2\/comments?post=41"}],"version-history":[{"count":50,"href":"https:\/\/www.osezlessentiel.org\/index.php\/wp-json\/wp\/v2\/pages\/41\/revisions"}],"predecessor-version":[{"id":688,"href":"https:\/\/www.osezlessentiel.org\/index.php\/wp-json\/wp\/v2\/pages\/41\/revisions\/688"}],"wp:attachment":[{"href":"https:\/\/www.osezlessentiel.org\/index.php\/wp-json\/wp\/v2\/media?parent=41"}],"curies":[{"name":"wp","href":"https:\/\/api.w.org\/{rel}","templated":true}]}}

<p>Toute personne qui le souhaite peut se former au Reiki.</p>



<p>C&rsquo;est une démarche personnelle qui peut s&rsquo;effectuer en formation individuelle ou collective. </p>



<p class="has-vivid-purple-color has-text-color has-background" style="background-color:#eaf2f1;font-size:32px"><span style="color: #ff00ff;"><span style="color:#149465" class="has-inline-color">Stage REIKI </span></span><span style="color: #ff00ff;"><span style="color:#149465" class="has-inline-color">niveau 1</span></span>   </p>



<h4 class="wp-block-heading has-black-color has-text-color"><strong>Prochaine session </strong><mark style="background-color:rgba(0, 0, 0, 0)" class="has-inline-color has-vivid-green-cyan-color">2026 à Saint-Étienne</mark> :  <mark style="background-color:rgba(0, 0, 0, 0)" class="has-inline-color has-vivid-green-cyan-color">le vendredi 16 janvier en fin d&rsquo;après-midi et soirée et samedi 17 janvier journée .</mark></h4>



<p><strong>Une seconde session se déroulera à l&rsquo;automne à Saint-Étienne ou à Roanne</strong>.</p>



<p>Inscription au 06 77 74 74 62, groupe de 3 à 6 personnes maxi par session. </p>



<p>Je rencontre toutes les personnes qui souhaitent s&rsquo;inscrire pour faire connaissance  et expliquer la démarche et le contenu du stage.</p>



<p>Le premier degré est ouvert à tous. Il consiste à découvrir l&rsquo;énergie du Reiki, à apprendre à la canaliser pour soi-même dans un premier temps. Ce premier stage permet de pratiquer des auto soins. Il permet d&rsquo;intégrer des éléments de méthodes pour pratiquer dans les meilleurs conditions et en respectant une approche éthique des soins énergétiques.</p>



<p>Prix du stage 150€</p>



<p></p>



<figure class="wp-block-image size-large"><img loading="lazy" decoding="async" width="1024" height="768" src="https://www.osezlessentiel.org/wp-content/uploads/2020/12/IMG_7562-1024x768.jpg" alt="" class="wp-image-395" srcset="https://www.osezlessentiel.org/wp-content/uploads/2020/12/IMG_7562-1024x768.jpg 1024w, https://www.osezlessentiel.org/wp-content/uploads/2020/12/IMG_7562-300x225.jpg 300w, https://www.osezlessentiel.org/wp-content/uploads/2020/12/IMG_7562-768x576.jpg 768w, https://www.osezlessentiel.org/wp-content/uploads/2020/12/IMG_7562-1536x1152.jpg 1536w, https://www.osezlessentiel.org/wp-content/uploads/2020/12/IMG_7562-2048x1536.jpg 2048w" sizes="auto, (max-width: 767px) 89vw, (max-width: 1000px) 54vw, (max-width: 1071px) 543px, 580px" /><figcaption class="wp-element-caption"><br><br></figcaption></figure>



<p></p>



<p class="has-luminous-vivid-orange-color has-text-color has-background" style="background-color:#faede8;font-size:32px">Stage REIKI niveau 2</p>



<h4 class="wp-block-heading">Prochaine session <mark style="background-color:rgba(0, 0, 0, 0)" class="has-inline-color has-luminous-vivid-orange-color">2026 à Saint-Etienne : le vendredi 18 et samedi 19 septembre </mark> </h4>



<p>3 à 6 places par sessions. Tarif 180€ + 30€ kit de pierres de soin</p>



<p>Me contacter si vous êtes intéressés.</p>



<p>Il est possible de faire le second degré si vous avez validé votre niveau 1 avec un autre maître enseignant Reiki. Dans ce cas je vous proposerai une rencontre préalable.</p>



<figure class="wp-block-image size-large"><img loading="lazy" decoding="async" width="1024" height="768" src="https://www.osezlessentiel.org/wp-content/uploads/2020/12/IMG_7287-1024x768.jpg" alt="" class="wp-image-393" srcset="https://www.osezlessentiel.org/wp-content/uploads/2020/12/IMG_7287-1024x768.jpg 1024w, https://www.osezlessentiel.org/wp-content/uploads/2020/12/IMG_7287-300x225.jpg 300w, https://www.osezlessentiel.org/wp-content/uploads/2020/12/IMG_7287-768x576.jpg 768w, https://www.osezlessentiel.org/wp-content/uploads/2020/12/IMG_7287-1536x1152.jpg 1536w, https://www.osezlessentiel.org/wp-content/uploads/2020/12/IMG_7287-2048x1536.jpg 2048w" sizes="auto, (max-width: 767px) 89vw, (max-width: 1000px) 54vw, (max-width: 1071px) 543px, 580px" /></figure>



<p></p>



<p></p>



<p class="has-vivid-purple-color has-text-color has-background" style="background-color:#e4dcee;font-size:32px">Stage REIKI niveau 3 </p>



<h4 class="wp-block-heading">Prochaine session <mark style="background-color:rgba(0, 0, 0, 0)" class="has-inline-color has-vivid-purple-color">en Avril 2026 à Saint-Etienne ou Yssingeaux</mark>.</h4>



<p>Tarif : 250 €</p>



<p>4 places par sessions. </p>



<figure class="wp-block-image size-large"><img loading="lazy" decoding="async" width="1024" height="768" src="https://www.osezlessentiel.org/wp-content/uploads/2018/09/Image-1024x768.jpeg" alt="" class="wp-image-82" srcset="https://www.osezlessentiel.org/wp-content/uploads/2018/09/Image-1024x768.jpeg 1024w, https://www.osezlessentiel.org/wp-content/uploads/2018/09/Image-300x225.jpeg 300w, https://www.osezlessentiel.org/wp-content/uploads/2018/09/Image-768x576.jpeg 768w, https://www.osezlessentiel.org/wp-content/uploads/2018/09/Image.jpeg 2016w" sizes="auto, (max-width: 767px) 89vw, (max-width: 1000px) 54vw, (max-width: 1071px) 543px, 580px" /></figure>



<p></p>



<p><strong>Se faire initier au Reiki, c&rsquo;est accepter de se transformer, de devenir plus responsable, d’éveiller sa spiritualité, de changer son regard sur le monde.</strong></p>



<p></p>



<p></p>

<p>Toute personne qui le souhaite peut se former au Reiki. C&rsquo;est une démarche personnelle qui peut s&rsquo;effectuer en formation individuelle ou collective. Stage REIKI niveau 1 Prochaine session 2026 à Saint-Étienne : le vendredi 16 janvier en fin d&rsquo;après-midi et soirée et samedi 17 janvier journée . Une seconde session se déroulera à l&rsquo;automne à &hellip; </p>
<p class="link-more"><a href="https://www.osezlessentiel.org/index.php/formation-reiki-et-soins-energetiques/" class="more-link">Continuer la lecture<span class="screen-reader-text"> de &laquo;&nbsp;FORMATION REIKI&nbsp;&raquo;</span></a></p>
