{"id":356,"date":"2020-11-28T11:37:38","date_gmt":"2020-11-28T10:37:38","guid":{"rendered":"https:\/\/www.osezlessentiel.org\/?page_id=356"},"modified":"2026-01-02T19:05:19","modified_gmt":"2026-01-02T18:05:19","slug":"formation-reiki","status":"publish","type":"page","link":"https:\/\/www.osezlessentiel.org\/index.php\/formation-reiki\/","title":{"rendered":"FORMATION ENERGETICIEN"},"content":{"rendered":"\n<figure class=\"wp-block-image size-full is-resized\"><img loading=\"lazy\" decoding=\"async\" width=\"2560\" height=\"1920\" src=\"https:\/\/www.osezlessentiel.org\/wp-content\/uploads\/2020\/12\/IMG_8977-scaled.jpg\" alt=\"\" class=\"wp-image-400\" style=\"width:675px;height:593px\" srcset=\"https:\/\/www.osezlessentiel.org\/wp-content\/uploads\/2020\/12\/IMG_8977-scaled.jpg 2560w, https:\/\/www.osezlessentiel.org\/wp-content\/uploads\/2020\/12\/IMG_8977-300x225.jpg 300w, https:\/\/www.osezlessentiel.org\/wp-content\/uploads\/2020\/12\/IMG_8977-1024x768.jpg 1024w, https:\/\/www.osezlessentiel.org\/wp-content\/uploads\/2020\/12\/IMG_8977-768x576.jpg 768w, https:\/\/www.osezlessentiel.org\/wp-content\/uploads\/2020\/12\/IMG_8977-1536x1152.jpg 1536w, https:\/\/www.osezlessentiel.org\/wp-content\/uploads\/2020\/12\/IMG_8977-2048x1536.jpg 2048w\" sizes=\"auto, (max-width: 767px) 89vw, (max-width: 1000px) 54vw, (max-width: 1071px) 543px, 580px\" \/><\/figure>\n\n\n\n<p>Je me suis form\u00e9e en tant qu&rsquo;\u00e9nerg\u00e9ticienne depuis plusieurs ann\u00e9es. Cette approche est une pratique holistique permettant aux personnes de retrouver un \u00e9quilibre et davantage de bien-\u00eatre.<\/p>\n\n\n\n<p>Suite \u00e0 plusieurs demandes, j&rsquo;ai d\u00e9cid\u00e9 d&rsquo;ouvrir des sessions de formation en groupe tr\u00e8s restreint de 2 \u00e0 3 personnes ou en individuel sur 10 demi-journ\u00e9es. Les dix s\u00e9ances doivent \u00eatre suivies pour valider le cursus.<\/p>\n\n\n\n<p>Chaque s\u00e9ance de 2h30 co\u00fbte 70\u20ac et se d\u00e9roulent au local ou en ext\u00e9rieur.<\/p>\n","protected":false},"excerpt":{"rendered":"<p>Je me suis form\u00e9e en tant qu&rsquo;\u00e9nerg\u00e9ticienne depuis plusieurs ann\u00e9es. Cette approche est une pratique holistique permettant aux personnes de retrouver un \u00e9quilibre et davantage de bien-\u00eatre. Suite \u00e0 plusieurs demandes, j&rsquo;ai d\u00e9cid\u00e9 d&rsquo;ouvrir des sessions de formation en groupe tr\u00e8s restreint de 2 \u00e0 3 personnes ou en individuel sur 10 demi-journ\u00e9es. Les dix &hellip; <\/p>\n<p class=\"link-more\"><a href=\"https:\/\/www.osezlessentiel.org\/index.php\/formation-reiki\/\" class=\"more-link\">Continuer la lecture<span class=\"screen-reader-text\"> de &laquo;&nbsp;FORMATION ENERGETICIEN&nbsp;&raquo;<\/span><\/a><\/p>\n","protected":false},"author":1,"featured_media":0,"parent":0,"menu_order":0,"comment_status":"closed","ping_status":"closed","template":"","meta":{"footnotes":""},"class_list":["post-356","page","type-page","status-publish","hentry"],"_links":{"self":[{"href":"https:\/\/www.osezlessentiel.org\/index.php\/wp-json\/wp\/v2\/pages\/356","targetHints":{"allow":["GET"]}}],"collection":[{"href":"https:\/\/www.osezlessentiel.org\/index.php\/wp-json\/wp\/v2\/pages"}],"about":[{"href":"https:\/\/www.osezlessentiel.org\/index.php\/wp-json\/wp\/v2\/types\/page"}],"author":[{"embeddable":true,"href":"https:\/\/www.osezlessentiel.org\/index.php\/wp-json\/wp\/v2\/users\/1"}],"replies":[{"embeddable":true,"href":"https:\/\/www.osezlessentiel.org\/index.php\/wp-json\/wp\/v2\/comments?post=356"}],"version-history":[{"count":13,"href":"https:\/\/www.osezlessentiel.org\/index.php\/wp-json\/wp\/v2\/pages\/356\/revisions"}],"predecessor-version":[{"id":691,"href":"https:\/\/www.osezlessentiel.org\/index.php\/wp-json\/wp\/v2\/pages\/356\/revisions\/691"}],"wp:attachment":[{"href":"https:\/\/www.osezlessentiel.org\/index.php\/wp-json\/wp\/v2\/media?parent=356"}],"curies":[{"name":"wp","href":"https:\/\/api.w.org\/{rel}","templated":true}]}}

<figure class="wp-block-image size-full is-resized"><img loading="lazy" decoding="async" width="2560" height="1920" src="https://www.osezlessentiel.org/wp-content/uploads/2020/12/IMG_8977-scaled.jpg" alt="" class="wp-image-400" style="width:675px;height:593px" srcset="https://www.osezlessentiel.org/wp-content/uploads/2020/12/IMG_8977-scaled.jpg 2560w, https://www.osezlessentiel.org/wp-content/uploads/2020/12/IMG_8977-300x225.jpg 300w, https://www.osezlessentiel.org/wp-content/uploads/2020/12/IMG_8977-1024x768.jpg 1024w, https://www.osezlessentiel.org/wp-content/uploads/2020/12/IMG_8977-768x576.jpg 768w, https://www.osezlessentiel.org/wp-content/uploads/2020/12/IMG_8977-1536x1152.jpg 1536w, https://www.osezlessentiel.org/wp-content/uploads/2020/12/IMG_8977-2048x1536.jpg 2048w" sizes="auto, (max-width: 767px) 89vw, (max-width: 1000px) 54vw, (max-width: 1071px) 543px, 580px" /></figure>



<p>Je me suis formée en tant qu&rsquo;énergéticienne depuis plusieurs années. Cette approche est une pratique holistique permettant aux personnes de retrouver un équilibre et davantage de bien-être.</p>



<p>Suite à plusieurs demandes, j&rsquo;ai décidé d&rsquo;ouvrir des sessions de formation en groupe très restreint de 2 à 3 personnes ou en individuel sur 10 demi-journées. Les dix séances doivent être suivies pour valider le cursus.</p>



<p>Chaque séance de 2h30 coûte 70€ et se déroulent au local ou en extérieur.</p>

<p>Je me suis formée en tant qu&rsquo;énergéticienne depuis plusieurs années. Cette approche est une pratique holistique permettant aux personnes de retrouver un équilibre et davantage de bien-être. Suite à plusieurs demandes, j&rsquo;ai décidé d&rsquo;ouvrir des sessions de formation en groupe très restreint de 2 à 3 personnes ou en individuel sur 10 demi-journées. Les dix &hellip; </p>
<p class="link-more"><a href="https://www.osezlessentiel.org/index.php/formation-reiki/" class="more-link">Continuer la lecture<span class="screen-reader-text"> de &laquo;&nbsp;FORMATION ENERGETICIEN&nbsp;&raquo;</span></a></p>
